{"id":291,"date":"2020-06-01T22:29:25","date_gmt":"2020-06-01T22:29:25","guid":{"rendered":"http:\/\/llarinfantsagatha.com\/?page_id=291"},"modified":"2026-03-26T08:22:36","modified_gmt":"2026-03-26T08:22:36","slug":"inici","status":"publish","type":"page","link":"http:\/\/llarinfantsagatha.com\/","title":{"rendered":""},"content":{"rendered":"\n<figure class=\"wp-block-image alignwide size-large\"><img decoding=\"async\" loading=\"lazy\" width=\"950\" height=\"300\" src=\"http:\/\/llarinfantsagatha.com\/wp-content\/uploads\/2020\/06\/fotoo.png\" alt=\"\" class=\"wp-image-349\" srcset=\"http:\/\/llarinfantsagatha.com\/wp-content\/uploads\/2020\/06\/fotoo.png 950w, http:\/\/llarinfantsagatha.com\/wp-content\/uploads\/2020\/06\/fotoo-300x95.png 300w, http:\/\/llarinfantsagatha.com\/wp-content\/uploads\/2020\/06\/fotoo-768x243.png 768w\" sizes=\"(max-width: 950px) 100vw, 950px\" \/><\/figure>\n\n\n\n<figure class=\"wp-block-image alignfull size-large\"><img decoding=\"async\" loading=\"lazy\" width=\"932\" height=\"72\" src=\"http:\/\/llarinfantsagatha.com\/wp-content\/uploads\/2020\/06\/Capturalletres-real.png\" alt=\"\" class=\"wp-image-334\" srcset=\"http:\/\/llarinfantsagatha.com\/wp-content\/uploads\/2020\/06\/Capturalletres-real.png 932w, http:\/\/llarinfantsagatha.com\/wp-content\/uploads\/2020\/06\/Capturalletres-real-300x23.png 300w, http:\/\/llarinfantsagatha.com\/wp-content\/uploads\/2020\/06\/Capturalletres-real-768x59.png 768w\" sizes=\"(max-width: 932px) 100vw, 932px\" \/><\/figure>\n\n\n\n<div class=\"wp-block-cover aligncenter is-light\" style=\"min-height:1843px\"><span aria-hidden=\"true\" class=\"wp-block-cover__background has-background-dim\"><\/span><img decoding=\"async\" loading=\"lazy\" width=\"1920\" height=\"2560\" class=\"wp-block-cover__image-background wp-image-537\" alt=\"\" src=\"http:\/\/llarinfantsagatha.com\/wp-content\/uploads\/2026\/03\/foto-portada-INSCR-scaled.jpeg\" data-object-fit=\"cover\" srcset=\"http:\/\/llarinfantsagatha.com\/wp-content\/uploads\/2026\/03\/foto-portada-INSCR-scaled.jpeg 1920w, http:\/\/llarinfantsagatha.com\/wp-content\/uploads\/2026\/03\/foto-portada-INSCR-225x300.jpeg 225w, http:\/\/llarinfantsagatha.com\/wp-content\/uploads\/2026\/03\/foto-portada-INSCR-768x1024.jpeg 768w, http:\/\/llarinfantsagatha.com\/wp-content\/uploads\/2026\/03\/foto-portada-INSCR-1152x1536.jpeg 1152w, http:\/\/llarinfantsagatha.com\/wp-content\/uploads\/2026\/03\/foto-portada-INSCR-1536x2048.jpeg 1536w\" sizes=\"(max-width: 1920px) 100vw, 1920px\" \/><div class=\"wp-block-cover__inner-container\">\n<figure class=\"wp-block-image size-large is-style-rounded\"><img decoding=\"async\" loading=\"lazy\" width=\"768\" height=\"1024\" src=\"http:\/\/llarinfantsagatha.com\/wp-content\/uploads\/2026\/03\/foto-portada-INSCR-1-768x1024.jpeg\" alt=\"\" class=\"wp-image-538\" srcset=\"http:\/\/llarinfantsagatha.com\/wp-content\/uploads\/2026\/03\/foto-portada-INSCR-1-768x1024.jpeg 768w, http:\/\/llarinfantsagatha.com\/wp-content\/uploads\/2026\/03\/foto-portada-INSCR-1-225x300.jpeg 225w, http:\/\/llarinfantsagatha.com\/wp-content\/uploads\/2026\/03\/foto-portada-INSCR-1-1152x1536.jpeg 1152w, http:\/\/llarinfantsagatha.com\/wp-content\/uploads\/2026\/03\/foto-portada-INSCR-1-1536x2048.jpeg 1536w, http:\/\/llarinfantsagatha.com\/wp-content\/uploads\/2026\/03\/foto-portada-INSCR-1-scaled.jpeg 1920w\" sizes=\"(max-width: 768px) 100vw, 768px\" \/><\/figure>\n<\/div><\/div>\n\n\n\n<div class=\"is-layout-flex wp-container-4 wp-block-columns\">\n<div class=\"is-layout-flow wp-block-column\">\n<p class=\"has-text-align-center has-white-color has-pale-cyan-blue-background-color has-text-color has-background has-normal-font-size\">FAMILIA <\/p>\n<\/div>\n\n\n\n<div class=\"is-layout-flow wp-block-column\">\n<p class=\"has-white-color has-pale-cyan-blue-background-color has-text-color has-background has-normal-font-size\">PROJECTE \u00c0NGLES<\/p>\n<\/div>\n\n\n\n<div class=\"is-layout-flow wp-block-column\">\n<p class=\"has-text-align-center has-white-color has-pale-cyan-blue-background-color has-text-color has-background has-normal-font-size\">AMBIENT D&#8217;AFECTIVITAT I NATURA<\/p>\n<\/div>\n<\/div>\n\n\n\n<div class=\"is-layout-flex wp-container-10 wp-block-columns alignwide\">\n<div class=\"is-layout-flow wp-block-column\">\n<figure class=\"is-layout-flex wp-block-gallery-5 wp-block-gallery has-nested-images columns-default is-cropped\">\n<figure class=\"wp-block-image size-large\"><img decoding=\"async\" loading=\"lazy\" width=\"360\" height=\"360\" src=\"http:\/\/llarinfantsagatha.com\/wp-content\/uploads\/2023\/03\/FAMILIA-edited.jpg\" alt=\"\" class=\"wp-image-469\" srcset=\"http:\/\/llarinfantsagatha.com\/wp-content\/uploads\/2023\/03\/FAMILIA-edited.jpg 360w, http:\/\/llarinfantsagatha.com\/wp-content\/uploads\/2023\/03\/FAMILIA-edited-300x300.jpg 300w, http:\/\/llarinfantsagatha.com\/wp-content\/uploads\/2023\/03\/FAMILIA-edited-150x150.jpg 150w\" sizes=\"(max-width: 360px) 100vw, 360px\" \/><\/figure>\n<\/figure>\n\n\n\n<p>Son una escola familiar i acollidora a on la relaci\u00f3, comunicaci\u00f3 i el bon tracte amb les fam\u00cdlies, \u00e9s per nosaltres un dels puntuals de la tasca que compartim: L&#8217;educaci\u00f3 i benestar dels nens i nenes. <\/p>\n\n\n\n<p>Disposem de diferents canals de comunicaci\u00f3 prioritzant el di\u00e0leg diari. <\/p>\n\n\n\n<p>Donem flexibilitat en els horaris d&#8217;entrada i sortida, adaptant-nos a les necessitats de cada fam\u00edlia. <\/p>\n<\/div>\n\n\n\n<div class=\"is-layout-flow wp-block-column\">\n<figure class=\"wp-block-image size-large\"><img decoding=\"async\" loading=\"lazy\" width=\"360\" height=\"360\" src=\"http:\/\/llarinfantsagatha.com\/wp-content\/uploads\/2023\/03\/INGLES-edited.jpg\" alt=\"\" class=\"wp-image-471\" srcset=\"http:\/\/llarinfantsagatha.com\/wp-content\/uploads\/2023\/03\/INGLES-edited.jpg 360w, http:\/\/llarinfantsagatha.com\/wp-content\/uploads\/2023\/03\/INGLES-edited-300x300.jpg 300w, http:\/\/llarinfantsagatha.com\/wp-content\/uploads\/2023\/03\/INGLES-edited-150x150.jpg 150w\" sizes=\"(max-width: 360px) 100vw, 360px\" \/><\/figure>\n\n\n\n<p>Els infants aniran assolint compet\u00e8ncies ling\u00fc\u00edstiques aprofitant tots els mecanismes que s&#8217;activen en el seu cervell durant els primers anys de vida, per posar-los al servei de l&#8217;aprenentatge d0una segona o tercera llengua. <\/p>\n\n\n\n<p>Els nens i nenes creixen acompanyats dels nostres personatges i hist\u00f2ries, que ens endinsaran en el m\u00f3n de l&#8217;angl\u00e8s, en un entorn ric en est\u00edmuls emocionals, on es promou la interacci\u00f3 des del primer dia.<\/p>\n\n\n\n<p><\/p>\n<\/div>\n\n\n\n<div class=\"is-layout-flow wp-block-column\">\n<figure class=\"wp-block-image size-large\"><img decoding=\"async\" loading=\"lazy\" width=\"360\" height=\"360\" src=\"http:\/\/llarinfantsagatha.com\/wp-content\/uploads\/2023\/03\/ESCOLA-edited.jpg\" alt=\"\" class=\"wp-image-473\" srcset=\"http:\/\/llarinfantsagatha.com\/wp-content\/uploads\/2023\/03\/ESCOLA-edited.jpg 360w, http:\/\/llarinfantsagatha.com\/wp-content\/uploads\/2023\/03\/ESCOLA-edited-300x300.jpg 300w, http:\/\/llarinfantsagatha.com\/wp-content\/uploads\/2023\/03\/ESCOLA-edited-150x150.jpg 150w\" sizes=\"(max-width: 360px) 100vw, 360px\" \/><\/figure>\n\n\n\n<p>Els infants se sentiran lliure i feli\u00e7os aprenent a gaudir i a respectar la naturalesa que ens envolta en el nostre pati de m\u00e9s de 600m2.<\/p>\n\n\n\n<p>L&#8217;Hort \u00e9s una de les eines primordials que tenim per fomentar la descoberta i l&#8217;esperimentaci\u00f3 a partir de la curiositat que desperta el medi natural. <\/p>\n<\/div>\n<\/div>\n\n\n\n<div class=\"is-content-justification-center is-layout-flex wp-container-11 wp-block-buttons\">\n<div class=\"wp-block-button has-custom-font-size is-style-outline has-normal-font-size\"><a class=\"wp-block-button__link has-vivid-cyan-blue-color has-text-color wp-element-button\" href=\"http:\/\/llarinfantsagatha.com\/index.php\/archivos\/447(s'obre en una pestanya nova)\" style=\"border-radius:100px\">AV\u00cdS LEGAL <\/a><\/div>\n\n\n\n<div class=\"wp-block-button is-style-outline\"><a class=\"wp-block-button__link has-vivid-cyan-blue-color has-text-color wp-element-button\" style=\"border-radius:100px\">ADVERT\u00c8NCIA DE PRIVACITAT PER A CONTACTES<\/a><\/div>\n\n\n\n<div class=\"wp-block-button is-style-outline\"><a class=\"wp-block-button__link has-vivid-cyan-blue-color has-text-color wp-element-button\" style=\"border-radius:100px\">POL\u00cdTICA DE COOKIES<\/a><\/div>\n\n\n\n<div class=\"wp-block-button is-style-outline\"><a class=\"wp-block-button__link has-vivid-cyan-blue-color has-text-color wp-element-button\" style=\"border-radius:100px\">POL\u00cdTICA DE PRIVACITAT <\/a><\/div>\n\n\n\n<div class=\"wp-block-button is-style-outline\"><a class=\"wp-block-button__link has-vivid-cyan-blue-color has-text-color wp-element-button\" style=\"border-radius:100px\">ADVERT\u00c8NCIA DE COPYRIGHT<\/a><\/div>\n<\/div>\n","protected":false},"excerpt":{"rendered":"<p>FAMILIA PROJECTE \u00c0NGLES AMBIENT D&#8217;AFECTIVITAT I NATURA Son una escola familiar i acollidora a on la relaci\u00f3, comunicaci\u00f3 i el bon tracte amb les fam\u00cdlies, \u00e9s per nosaltres un dels puntuals de la tasca que compartim: L&#8217;educaci\u00f3 i benestar dels nens i nenes. Disposem de diferents canals de comunicaci\u00f3 prioritzant el di\u00e0leg diari. Donem flexibilitat [&hellip;]<\/p>\n","protected":false},"author":1,"featured_media":0,"parent":0,"menu_order":0,"comment_status":"closed","ping_status":"closed","template":"","meta":[],"_links":{"self":[{"href":"http:\/\/llarinfantsagatha.com\/index.php\/wp-json\/wp\/v2\/pages\/291"}],"collection":[{"href":"http:\/\/llarinfantsagatha.com\/index.php\/wp-json\/wp\/v2\/pages"}],"about":[{"href":"http:\/\/llarinfantsagatha.com\/index.php\/wp-json\/wp\/v2\/types\/page"}],"author":[{"embeddable":true,"href":"http:\/\/llarinfantsagatha.com\/index.php\/wp-json\/wp\/v2\/users\/1"}],"replies":[{"embeddable":true,"href":"http:\/\/llarinfantsagatha.com\/index.php\/wp-json\/wp\/v2\/comments?post=291"}],"version-history":[{"count":41,"href":"http:\/\/llarinfantsagatha.com\/index.php\/wp-json\/wp\/v2\/pages\/291\/revisions"}],"predecessor-version":[{"id":539,"href":"http:\/\/llarinfantsagatha.com\/index.php\/wp-json\/wp\/v2\/pages\/291\/revisions\/539"}],"wp:attachment":[{"href":"http:\/\/llarinfantsagatha.com\/index.php\/wp-json\/wp\/v2\/media?parent=291"}],"curies":[{"name":"wp","href":"https:\/\/api.w.org\/{rel}","templated":true}]}}

<figure class="wp-block-image alignwide size-large"><img decoding="async" loading="lazy" width="950" height="300" src="http://llarinfantsagatha.com/wp-content/uploads/2020/06/fotoo.png" alt="" class="wp-image-349" srcset="http://llarinfantsagatha.com/wp-content/uploads/2020/06/fotoo.png 950w, http://llarinfantsagatha.com/wp-content/uploads/2020/06/fotoo-300x95.png 300w, http://llarinfantsagatha.com/wp-content/uploads/2020/06/fotoo-768x243.png 768w" sizes="(max-width: 950px) 100vw, 950px" /></figure>



<figure class="wp-block-image alignfull size-large"><img decoding="async" loading="lazy" width="932" height="72" src="http://llarinfantsagatha.com/wp-content/uploads/2020/06/Capturalletres-real.png" alt="" class="wp-image-334" srcset="http://llarinfantsagatha.com/wp-content/uploads/2020/06/Capturalletres-real.png 932w, http://llarinfantsagatha.com/wp-content/uploads/2020/06/Capturalletres-real-300x23.png 300w, http://llarinfantsagatha.com/wp-content/uploads/2020/06/Capturalletres-real-768x59.png 768w" sizes="(max-width: 932px) 100vw, 932px" /></figure>



<div class="wp-block-cover aligncenter is-light" style="min-height:1843px"><span aria-hidden="true" class="wp-block-cover__background has-background-dim"></span><img decoding="async" loading="lazy" width="1920" height="2560" class="wp-block-cover__image-background wp-image-537" alt="" src="http://llarinfantsagatha.com/wp-content/uploads/2026/03/foto-portada-INSCR-scaled.jpeg" data-object-fit="cover" srcset="http://llarinfantsagatha.com/wp-content/uploads/2026/03/foto-portada-INSCR-scaled.jpeg 1920w, http://llarinfantsagatha.com/wp-content/uploads/2026/03/foto-portada-INSCR-225x300.jpeg 225w, http://llarinfantsagatha.com/wp-content/uploads/2026/03/foto-portada-INSCR-768x1024.jpeg 768w, http://llarinfantsagatha.com/wp-content/uploads/2026/03/foto-portada-INSCR-1152x1536.jpeg 1152w, http://llarinfantsagatha.com/wp-content/uploads/2026/03/foto-portada-INSCR-1536x2048.jpeg 1536w" sizes="(max-width: 1920px) 100vw, 1920px" /><div class="wp-block-cover__inner-container">
<figure class="wp-block-image size-large is-style-rounded"><img decoding="async" loading="lazy" width="768" height="1024" src="http://llarinfantsagatha.com/wp-content/uploads/2026/03/foto-portada-INSCR-1-768x1024.jpeg" alt="" class="wp-image-538" srcset="http://llarinfantsagatha.com/wp-content/uploads/2026/03/foto-portada-INSCR-1-768x1024.jpeg 768w, http://llarinfantsagatha.com/wp-content/uploads/2026/03/foto-portada-INSCR-1-225x300.jpeg 225w, http://llarinfantsagatha.com/wp-content/uploads/2026/03/foto-portada-INSCR-1-1152x1536.jpeg 1152w, http://llarinfantsagatha.com/wp-content/uploads/2026/03/foto-portada-INSCR-1-1536x2048.jpeg 1536w, http://llarinfantsagatha.com/wp-content/uploads/2026/03/foto-portada-INSCR-1-scaled.jpeg 1920w" sizes="(max-width: 768px) 100vw, 768px" /></figure>
</div></div>



<div class="is-layout-flex wp-container-4 wp-block-columns">
<div class="is-layout-flow wp-block-column">
<p class="has-text-align-center has-white-color has-pale-cyan-blue-background-color has-text-color has-background has-normal-font-size">FAMILIA </p>
</div>



<div class="is-layout-flow wp-block-column">
<p class="has-white-color has-pale-cyan-blue-background-color has-text-color has-background has-normal-font-size">PROJECTE ÀNGLES</p>
</div>



<div class="is-layout-flow wp-block-column">
<p class="has-text-align-center has-white-color has-pale-cyan-blue-background-color has-text-color has-background has-normal-font-size">AMBIENT D&#8217;AFECTIVITAT I NATURA</p>
</div>
</div>



<div class="is-layout-flex wp-container-10 wp-block-columns alignwide">
<div class="is-layout-flow wp-block-column">
<figure class="is-layout-flex wp-block-gallery-5 wp-block-gallery has-nested-images columns-default is-cropped">
<figure class="wp-block-image size-large"><img decoding="async" loading="lazy" width="360" height="360" src="http://llarinfantsagatha.com/wp-content/uploads/2023/03/FAMILIA-edited.jpg" alt="" class="wp-image-469" srcset="http://llarinfantsagatha.com/wp-content/uploads/2023/03/FAMILIA-edited.jpg 360w, http://llarinfantsagatha.com/wp-content/uploads/2023/03/FAMILIA-edited-300x300.jpg 300w, http://llarinfantsagatha.com/wp-content/uploads/2023/03/FAMILIA-edited-150x150.jpg 150w" sizes="(max-width: 360px) 100vw, 360px" /></figure>
</figure>



<p>Son una escola familiar i acollidora a on la relació, comunicació i el bon tracte amb les famÍlies, és per nosaltres un dels puntuals de la tasca que compartim: L&#8217;educació i benestar dels nens i nenes. </p>



<p>Disposem de diferents canals de comunicació prioritzant el diàleg diari. </p>



<p>Donem flexibilitat en els horaris d&#8217;entrada i sortida, adaptant-nos a les necessitats de cada família. </p>
</div>



<div class="is-layout-flow wp-block-column">
<figure class="wp-block-image size-large"><img decoding="async" loading="lazy" width="360" height="360" src="http://llarinfantsagatha.com/wp-content/uploads/2023/03/INGLES-edited.jpg" alt="" class="wp-image-471" srcset="http://llarinfantsagatha.com/wp-content/uploads/2023/03/INGLES-edited.jpg 360w, http://llarinfantsagatha.com/wp-content/uploads/2023/03/INGLES-edited-300x300.jpg 300w, http://llarinfantsagatha.com/wp-content/uploads/2023/03/INGLES-edited-150x150.jpg 150w" sizes="(max-width: 360px) 100vw, 360px" /></figure>



<p>Els infants aniran assolint competències lingüístiques aprofitant tots els mecanismes que s&#8217;activen en el seu cervell durant els primers anys de vida, per posar-los al servei de l&#8217;aprenentatge d0una segona o tercera llengua. </p>



<p>Els nens i nenes creixen acompanyats dels nostres personatges i històries, que ens endinsaran en el món de l&#8217;anglès, en un entorn ric en estímuls emocionals, on es promou la interacció des del primer dia.</p>



<p></p>
</div>



<div class="is-layout-flow wp-block-column">
<figure class="wp-block-image size-large"><img decoding="async" loading="lazy" width="360" height="360" src="http://llarinfantsagatha.com/wp-content/uploads/2023/03/ESCOLA-edited.jpg" alt="" class="wp-image-473" srcset="http://llarinfantsagatha.com/wp-content/uploads/2023/03/ESCOLA-edited.jpg 360w, http://llarinfantsagatha.com/wp-content/uploads/2023/03/ESCOLA-edited-300x300.jpg 300w, http://llarinfantsagatha.com/wp-content/uploads/2023/03/ESCOLA-edited-150x150.jpg 150w" sizes="(max-width: 360px) 100vw, 360px" /></figure>



<p>Els infants se sentiran lliure i feliços aprenent a gaudir i a respectar la naturalesa que ens envolta en el nostre pati de més de 600m2.</p>



<p>L&#8217;Hort és una de les eines primordials que tenim per fomentar la descoberta i l&#8217;esperimentació a partir de la curiositat que desperta el medi natural. </p>
</div>
</div>



<div class="is-content-justification-center is-layout-flex wp-container-11 wp-block-buttons">
<div class="wp-block-button has-custom-font-size is-style-outline has-normal-font-size"><a class="wp-block-button__link has-vivid-cyan-blue-color has-text-color wp-element-button" href="http://llarinfantsagatha.com/index.php/archivos/447(s'obre en una pestanya nova)" style="border-radius:100px">AVÍS LEGAL </a></div>



<div class="wp-block-button is-style-outline"><a class="wp-block-button__link has-vivid-cyan-blue-color has-text-color wp-element-button" style="border-radius:100px">ADVERTÈNCIA DE PRIVACITAT PER A CONTACTES</a></div>



<div class="wp-block-button is-style-outline"><a class="wp-block-button__link has-vivid-cyan-blue-color has-text-color wp-element-button" style="border-radius:100px">POLÍTICA DE COOKIES</a></div>



<div class="wp-block-button is-style-outline"><a class="wp-block-button__link has-vivid-cyan-blue-color has-text-color wp-element-button" style="border-radius:100px">POLÍTICA DE PRIVACITAT </a></div>



<div class="wp-block-button is-style-outline"><a class="wp-block-button__link has-vivid-cyan-blue-color has-text-color wp-element-button" style="border-radius:100px">ADVERTÈNCIA DE COPYRIGHT</a></div>
</div>

<p>FAMILIA PROJECTE ÀNGLES AMBIENT D&#8217;AFECTIVITAT I NATURA Son una escola familiar i acollidora a on la relació, comunicació i el bon tracte amb les famÍlies, és per nosaltres un dels puntuals de la tasca que compartim: L&#8217;educació i benestar dels nens i nenes. Disposem de diferents canals de comunicació prioritzant el diàleg diari. Donem flexibilitat [&hellip;]</p>
